uppose -5*y + 1740 = -0*y. What is the hundreds digit of y?
3
Let n(t) be the third derivative of t**4/6 - 11*t**3/6 - 9*t**2. What is the units digit of n(11)?
3
What is the units digit of (143/44)/((-1)/(-16))?
2
Suppose 0 = -t + 3*m - 2 + 55, -t + 48 = -2*m. What is the tens digit of t?
3
Let t(a) be the first derivative of 3*a**2/2 - 2. Let q be t(2). Suppose 20 = -b + q*b. What is the units digit of b?
4
Let n(m) = m**3 + 10*m**2 + 10*m - 2. What is the units digit of n(-7)?
5
Let y(j) = -j**3 - 2*j**2 - 2*j - 2. What is the units digit of y(-5)?
3
Let x = 132 + -48. What is the tens digit of x?
8
Let p be (-3 - -8)*(-8)/(-10). What is the units digit of p/(-6) - 11/(-3)?
3
Let x(y) = -y**3 + 6*y**2 - 3*y - 7. Let s be x(5). What is the tens digit of s + (2 - -4 - -3)?
1
Let g = -39 + 51. What is the tens digit of g?
1
Let j(n) = -n**3. Let c be j(-2). Let r = c + -1. What is the units digit of r?
7
Suppose 0 = 4*h - 5*h + 6. Suppose 3*f = h*f + t - 30, 0 = -4*f + t + 47. What is the units digit of f?
1
Suppose -2*p - q + 3*q = -6, 0 = -5*q. Suppose -o = -3, -o = p*j - 6*o. Let f = 7 - j. What is the units digit of f?
2
Suppose -4*i = -o - 1 - 0, -4*i + 5*o + 5 = 0. Suppose i = 4*b + 28 - 100. What is the tens digit of b?
1
Let r = -454 + 750. What is the units digit of r?
6
Suppose 20 = 2*z + 2*i, -5*z + 85 = 2*i + 32. What is the units digit of z?
1
Suppose 22 = 4*a + 6. Suppose -4 = -m - 4*i, a*m - 7*m + 42 = -3*i. What is the tens digit of m?
1
Let k(m) = -1 - 4*m + 0 + 2. Let i be k(-7). Suppose 4*l - i = -l + 2*d, 3*l - 3*d = 12. What is the units digit of l?
7
Let g(u) = 2*u**3 + u**2 - 2. Let k be g(-2). Let w = 25 + k. What is the tens digit of w?
1
Let c = -45 + 63. What is the units digit of c?
8
Let q(a) = a**3 - 4*a**2 - 4*a + 7. Let m be q(5). Let b be (m/(-9))/(1/3). What is the units digit of (-13)/(-4) + b/16?
3
Suppose 1 = -2*c - 7. Let u(x) = -5*x - 6. Let h be u(c). What is the units digit of h/(-2)*-1 + -2?
5
Let p(z) = z**2 + 14*z + 4. What is the tens digit of p(7)?
5
Suppose 2*k + 4*z + 16 = 2*z, 0 = -3*z - 15. Let f be k*(2/(-3) + 1). Let i(x) = -14*x. What is the tens digit of i(f)?
1
Let y = 16 + 2. Suppose x - 2*x = -y. Suppose -5*o = -3*o - x. What is the units digit of o?
9
Let p = 30 + 32. What is the tens digit of p?
6
Let b(t) = 2*t - 2. Let j be b(2). Suppose -j*p - 3 = -p. What is the units digit of (p/3 + 2)*9?
9
Let i = 116 + -54. Suppose i = 3*m - 13. What is the units digit of m?
5
Let b(v) = -4 + 19*v + 0 + 4. What is the units digit of b(1)?
9
Let n(v) be the third derivative of v**5/60 - v**4/6 + v**3/2 - 2*v**2. Let c be n(2). What is the units digit of (1 + (-2 - 2))/c?
3
Let q = 18 + 11. Suppose -5*f + q = -2*f - 2*a, 4*a - 41 = -3*f. What is the units digit of f?
1
Let v = 6 - 0. Let n(k) = k - 4. What is the units digit of n(v)?
2
Let q(b) = b**3 + 9*b**2 + 8*b - 4. What is the tens digit of q(-7)?
3
Let f = 284 - 215. What is the tens digit of f?
6
Let a be 3*3/(-6)*-2. Let h be a*(0 - -1 - 2). Let t(y) = y**2. What is the units digit of t(h)?
9
Suppose -u - 4 = -6. Suppose -u*g = -2*k + 54, -4*k - g = -k - 65. What is the units digit of k?
3
Suppose 3*d = -9*d + 312. What is the tens digit of d?
2
Suppose 4*m = 9*m - 30. What is the units digit of m?
6
Suppose -2158 = 5*s - 378. What is the units digit of (-6)/(-27) + s/(-18)?
0
Let q(l) = 6*l - 2. Let v be q(7). Suppose -v = -3*h + 20. What is the units digit of h?
0
Suppose 0 = -3*b - 2*b - 15. Let f be (b + -2)*(-6)/10. What is the units digit of -1 + f + -5 + 10?
7
Let i(a) = 4*a - 20. What is the tens digit of i(8)?
1
Let i(d) = 2*d**2 - 15*d + 32. What is the units digit of i(9)?
9
Suppose 3*a = 4*q + 4 + 3, 4*a - 2*q = 26. Suppose -5*z + 2*z = -a. Suppose 2*s + z = 3*s. What is the units digit of s?
3
Let o = 159 - 69. What is the units digit of o?
0
Let t(y) = 2*y**2 + 3*y + 2. Let k be t(3). Let d be (-2)/2 + (k - 1). Suppose -q + 46 = 2*q - 5*m, q - d = 4*m. What is the units digit of q?
7
Let n(u) = u**2 - 5*u - 34. What is the tens digit of n(12)?
5
Let t(k) = k**3 + 14*k**2 + 11*k - 5. What is the units digit of t(-8)?
1
Suppose 0 = -0*q - 3*q + 9. Let o be (-9)/(-6)*16/q. Let g = o - 3. What is the units digit of g?
5
Let r be (-4)/18 - 890/45. Let u be r/(-3)*6/5. What is the tens digit of (-6)/u - (-59)/4?
1
Suppose -2*i + i = -25. Let m = i + -12. What is the units digit of m?
3
Let l be 10/(-3)*(-12)/(-8). What is the units digit of ((-126)/35)/(2/l)?
9
Let w(t) = -t - 4. Let q be w(-8). Suppose 5*a = q*g + 11, -3*g = -0*a - a. Suppose 2*o + 16 = a*z, -5 = -z - 5*o + 6. What is the units digit of z?
6
Suppose 58 = -4*y + 2*o, 0*o + 4*o = -4*y - 28. Let u = y - -14. What is the units digit of u?
2
Let y be 255/12 - (-2)/(-8). Let p be -1 + y/(-1 + 4). Let h(m) = m - 4. What is the units digit of h(p)?
2
Let b(w) be the second derivative of -w**4/12 + 5*w**3/3 - 3*w**2 - w. What is the tens digit of b(8)?
1
Let u(d) = 8*d**2 - 6*d + 5. What is the units digit of u(3)?
9
Let m(b) = -b**2 + 5*b. Let x be m(3). Let n be (-20)/x - (-4)/(-6). Let k = 8 + n. What is the units digit of k?
4
Let l = -215 + 579. What is the hundreds digit of l?
3
Suppose -2*r - 8 = 3*t, 3*t + 2 = -0*r + 4*r. Let i be (1 + 1/(-1))/r. Suppose -5*h - 10 = i, h - 5 + 35 = 4*z. What is the units digit of z?
7
Suppose -j - 16 + 6 = 0. Suppose -420 = -k - 4*k. What is the units digit of (-20)/8*k/j?
1
Suppose -3*k - 4 = -5*k. Let p(h) = 2*h**2 - h + 2. Let z be p(-2). Suppose k*l - z = -3*t, 2*t = 3*l - 4*l + 9. What is the units digit of t?
6
Let z(h) = -15*h - 27. What is the tens digit of z(-7)?
7
Let v = -9 - -25. Let m = v + 14. What is the tens digit of m?
3
Suppose 81 = 7*f - 4*f. What is the units digit of f?
7
Suppose -3*a = -5*t + 10*t - 113, -2*t - 4*a = -34. What is the units digit of t?
5
What is the hundreds digit of (-18)/30 + (-9168)/(-30)?
3
Suppose -128 = 3*d - 473. What is the hundreds digit of d?
1
Let q be 15/(-6)*1*-2. Let y(t) = -t**3 + 6*t**2 - 4*t + 3. Let f be y(q). Let u = f - 1. What is the units digit of u?
7
Suppose 4*l - 5*z = 714, 203 = 5*l - 5*z - 687. What is the units digit of l?
6
Suppose 4*q = -5*o + 9*o - 168, 4*o + 3*q = 161. What is the units digit of o?
1
Suppose -4*g - 9 + 61 = 0. Suppose -2*b - 2*x = -6, -b + g = 2*b - x. Suppose -15 - 5 = -b*k. What is the units digit of k?
5
Let d be 1/(-5) - 56/(-5). Suppose 2*g + 0*g - l = 34, g - d = -l. What is the tens digit of g?
1
What is the units digit of (444/9)/((-40)/(-15) + -2)?
4
Let d(j) = 2*j + 1 + j - 11*j - 8*j. What is the tens digit of d(-1)?
1
Suppose g = -4*g + 25. Let s be g/3 - (-4)/12. Suppose -3*q - s*q + 10 = 0. What is the units digit of q?
2
Suppose 0 = -6*o + 3*o + 42. What is the tens digit of o?
1
Let v be (-3)/(-9)*(1 + -34). Suppose i - 5*i = 84. Let n = v - i. What is the units digit of n?
0
Let o = -14 + 22. What is the tens digit of (2/3)/(o/144)?
1
Let m(t) = 15*t - 10. Let b be m(4). Let j = b - 26. What is the tens digit of j?
2
What is the units digit of -1*(-33 - 4/(-1))?
9
Let h = -8 - -11. Suppose -h*x + 20 = -x. What is the units digit of x?
0
Let s be (0 - -4) + (-2)/(-2). Suppose -3*i + s*f - 31 = 0, 7*i - 2*f = 2*i - 20. Let u = i + 13. What is the tens digit of u?
1
Let c be (3/2)/(7/(-98)). Let z = c - -48. What is the units digit of z?
7
What is the tens digit of (3/2)/((-36)/(-528))?
2
What is the units digit of (2 - 5)/((-1)/43)?
9
Suppose 0 = 2*z - 7*z + 365. What is the tens digit of z?
7
Suppose -2*z = -z + 6. Let n = z - -7. Suppose 2*c - 3*c = -n. What is the units digit of c?
1
Let i(l) = -2*l - 2. Let f be 7*(-1 + (-26)/(-14)). Suppose 10 = -v + 2*m, -4*m = 2*v - f - 6. What is the units digit of i(v)?
2
Let l(g) be the second derivative of 2*g**3/3 + g**2/2 - g. Suppose -3*a = 2*a - 5. What is the units digit of l(a)?
5
Suppose -6*p = -25 - 41. What is the tens digit of p?
1
Let l = -38 - -76. Suppose -3*u + 44 = 3*o + 2*o, 3*o = 4*u + l. What is the units digit of 0 + 5/(o/24)?
2
Let m(v) = -v + 2. Let x be m(0). What is the units digit of -14*x/(-4) - 2?
5
Let l(g) = -g + 10. What is the units digit of l(-4)?
4
Suppose -35 = 5*u - 0. Let k(p) = -2*p - 4. What is the tens digit of k(u)?
1
Suppose 0 = -2*s + 4*n - 